{"id":236,"date":"2018-09-07T00:36:50","date_gmt":"2018-09-07T00:36:50","guid":{"rendered":"https:\/\/mintnutricion.com\/bak\/?page_id=236"},"modified":"2022-03-03T23:57:01","modified_gmt":"2022-03-03T22:57:01","slug":"politica-de-privacidad","status":"publish","type":"page","link":"https:\/\/mintnutricion.com\/bak\/politica-de-privacidad\/","title":{"rendered":"Pol\u00edtica de Privacidad"},"content":{"rendered":"\n<p class=\"\">En Luc\u00eda Mu\u00f1oz Diaz estamos comprometidos con la protecci\u00f3n de tu privacidad. Queremos ser transparentes sobre los datos que recopilamos, c\u00f3mo los utilizamos y los derechos que tienes para controlar tus datos.<\/p>\n\n\n\n<h2 class=\"wp-block-heading\"><strong>1. Informaci\u00f3n al usuario<\/strong><\/h2>\n\n\n\n<p class=\"\">Luc\u00eda Mu\u00f1oz Diaz es el responsable del tratamiento de los datos personales del Usuario y le informa que estos datos ser\u00e1n tratados de conformidad con lo dispuesto en el Reglamento (UE) 2016\/679 de 27 de abril de 2016 (RGPD) relativo a la protecci\u00f3n de las personas f\u00edsicas y en la Ley Org\u00e1nica 3\/2018, de 5 de diciembre (LOPDGDD), en lo que respecta al tratamiento de datos personales y a la libre circulaci\u00f3n de estos datos, por lo que se le facilita la siguiente informaci\u00f3n del tratamiento:<\/p>\n\n\n\n<h3 class=\"wp-block-heading\"><strong>\u00bfCon qu\u00e9 finalidad tratamos sus datos personales?<\/strong><\/h3>\n\n\n\n<p class=\"\">En Luc\u00eda Mu\u00f1oz Diaz tratamos los datos de las personas interesadas para la gesti\u00f3n y desarrollo de las comunicaciones (contacto de usuarios, resoluci\u00f3n de consultas, promoci\u00f3n comercial, As\u00ed mismo, gestionaremos el env\u00edo de publicidad en relaci\u00f3n a los servicios descritos en nuestro portal. En caso de no querer recibir m\u00e1s publicidad, m\u00e1ndenos un email a: \u00ad\u00ad\u00ad\u00ad\u00ad\u00ad\u00ad\u00ad\u00ad\u00ad\u00ad\u00ad\u00ad<br><a href=\"mailto:admon@geslinco.es\">lucianutre@gmail.com<\/a> indic\u00e1ndonos en el asunto \u201cNo Publi\u201d.<\/p>\n\n\n\n<h3 class=\"wp-block-heading\"><strong>\u00bfQu\u00e9 tipo de datos tratamos?<\/strong><\/h3>\n\n\n\n<p class=\"\">Adem\u00e1s de los diferentes medios de obtenci\u00f3n citados, as\u00ed como las diferentes finalidades de tratamiento expuestas, le informamos que los tipos de datos que podemos tratar en nuestro sistema de informaci\u00f3n son:<\/p>\n\n\n\n<ul class=\"wp-block-list\"><li>Datos identificativos.&nbsp;<\/li><li>Direcciones electr\u00f3nicas.&nbsp;<\/li><\/ul>\n\n\n\n<h3 class=\"wp-block-heading\"><strong>\u00bfPor cu\u00e1nto tiempo conservaremos sus datos?<\/strong><\/h3>\n\n\n\n<p class=\"\">Los datos personales se conservar\u00e1n mientras se mantenga relaci\u00f3n con usted, bien como cliente, o bien como otro tipo de interesado; mientras no se solicite la supresi\u00f3n de estos; o mientras exista alguna previsi\u00f3n o exigencia legal de conservaci\u00f3n de estos.<\/p>\n\n\n\n<p class=\"\">Cuando los datos dejen de ser necesarios para las finalidades por las que fueron recabados ser\u00e1n suprimidos asegurando la confidencialidad de estos.<\/p>\n\n\n\n<p class=\"\">En el caso de datos facilitados con motivo de b\u00fasqueda de empleo, si estos no resultasen de inter\u00e9s para la empresa, ser\u00e1n eliminados inmediatamente asegurando su confidencialidad.<\/p>\n\n\n\n<h3 class=\"wp-block-heading\"><strong>\u00bfCu\u00e1l es la legitimaci\u00f3n para el tratamiento de sus datos?<\/strong><\/h3>\n\n\n\n<p class=\"\">Para el tratamiento de su informaci\u00f3n personal nos basamos en la legitimaci\u00f3n por varios motivos:<\/p>\n\n\n\n<p class=\"\">La base legal para el tratamiento es el consentimiento expreso que, en su caso, nos haya facilitado para los tratamientos adicionales como son el formulario de contacto del sitio web, o cualquier otro tratamiento que implique necesariamente la recogida de sus datos personales, para lo cual ser\u00e1 requisito imprescindible una clara acci\u00f3n afirmativa por parte del interesado.<\/p>\n\n\n\n<h3 class=\"wp-block-heading\"><strong>\u00bfA qu\u00e9 destinatarios se comunicar\u00e1n sus datos?<\/strong><\/h3>\n\n\n\n<p class=\"\">En algunos casos, es necesario que accedan a la informaci\u00f3n que nos ha proporcionado terceras partes para poder prestarle el servicio solicitado, por ejemplo, empresas que nos prestan otro tipo de servicios como son: tecnolog\u00eda de la informaci\u00f3n (almacenamiento y procesamiento de la informaci\u00f3n, etc.)<\/p>\n\n\n\n<p class=\"\">Estas terceras partes solo tienen acceso a la informaci\u00f3n personal que necesitan para llevar a cabo dichos servicios. Se les exige que mantengan en confidencialidad su informaci\u00f3n personal y no pueden utilizarla de ninguna otra forma que aquella que les hemos solicitado.&nbsp;<\/p>\n\n\n\n<p class=\"\">Los datos de los interesados no ser\u00e1n comunicados a ning\u00fan tercero, salvo obligaci\u00f3n legal al respecto.<\/p>\n\n\n\n<h3 class=\"wp-block-heading\"><strong>\u00bfCu\u00e1les son sus derechos cuando nos facilita y\/o tratamos sus datos?<\/strong><\/h3>\n\n\n\n<p class=\"\">Como interesado, usted podr\u00e1 en cualquier momento solicitarnos el ejercicio de cualquiera de los siguientes derechos que le asisten en materia de protecci\u00f3n de datos:<\/p>\n\n\n\n<ul class=\"wp-block-list\"><li><strong>Acceder a sus datos<\/strong>: Tiene derecho a acceder a sus datos para conocer qu\u00e9 datos personales estamos tratando que le conciernen.<\/li><li><strong>Solicitar la rectificaci\u00f3n o supresi\u00f3n de sus datos<\/strong>: En determinadas circunstancias, tiene derecho a rectificar aquellos datos personales que considere inexactos y que le conciernan, y que sean objeto de tratamiento por parte de las entidades, as\u00ed como derecho a solicitar la supresi\u00f3n de sus datos cuando, entre otros motivos, los datos ya no fueran necesarios para los fines que fueron recogidos.<\/li><li><strong>Solicitar la limitaci\u00f3n del tratamiento de sus datos<\/strong>: En determinadas circunstancias, tendr\u00e1 derecho a solicitarnos la limitaci\u00f3n del tratamiento de sus datos, en cuyo caso le informamos que \u00fanicamente conservaremos los datos sobre los que haya solicitado limitaci\u00f3n en el tratamiento para el ejercicio o defensa de reclamaciones.<\/li><li><strong>A la portabilidad de sus datos<\/strong>: En determinadas circunstancias, tendr\u00e1 derecho a recibir los datos personales que le incumban, y que nos haya facilitado, en un formato estructurado de uso com\u00fan y lectura mec\u00e1nica, as\u00ed como a que sean transmitidos por parte de nuestra empresa a otro responsable del tratamiento.<\/li><li><strong>Oponerse al tratamiento de sus datos<\/strong>: En determinadas circunstancias y por motivos relacionados con su situaci\u00f3n particular, tendr\u00e1 derecho a oponerse al tratamiento de sus datos en cuyo caso, dejar\u00edamos de tratarlos salvo que debamos continuar haci\u00e9ndolo por motivos leg\u00edtimos imperiosos o para el ejercicio o la defensa de posibles reclamaciones.<\/li><li>Derecho a presentar una reclamaci\u00f3n ante la Autoridad de control si no ha obtenido satisfacci\u00f3n en el ejercicio de sus derechos, en este caso, ante la Agencia Espa\u00f1ola de protecci\u00f3n de datos&nbsp; <a href=\"http:\/\/www.aepd.es\">http:\/\/www.aepd.es<\/a> &nbsp;<\/li><\/ul>\n\n\n\n<p class=\"\">Le informamos que podr\u00e1 ejercitar sus derechos sobre sus datos personales a trav\u00e9s de cualquiera de las siguientes v\u00edas:&nbsp;<\/p>\n\n\n\n<ul class=\"wp-block-list\"><li>Direcci\u00f3n postal:&nbsp; Avda. Blas Infante 74 2\u00ba-1, 04006 \u2013 Almer\u00eda<\/li><li>Direcci\u00f3n electr\u00f3nica:&nbsp; <a href=\"mailto:lucianutre@gmail.com\">lucianutre@gmail.com<\/a>&nbsp; &nbsp;<\/li><\/ul>\n\n\n\n<h3 class=\"wp-block-heading\"><strong>Env\u00edo de comunicaciones o informaci\u00f3n<\/strong><\/h3>\n\n\n\n<p class=\"\">Nuestra pol\u00edtica con respecto al env\u00edo informaci\u00f3n a trav\u00e9s de medios telem\u00e1ticos (correo electr\u00f3nico, mensajer\u00eda instant\u00e1nea, etc.), se limita a enviar \u00fanicamente comunicaciones que consideremos de inter\u00e9s para nuestros usuarios e interesados, en relaci\u00f3n con las funciones y actividad de la empresa, o que usted haya consentido recibir.<\/p>\n\n\n\n<p class=\"\">Si prefiere no recibir estos mensajes, le ofreceremos a trav\u00e9s de estos la posibilidad de ejercer su derecho de cancelaci\u00f3n y renuncia a la recepci\u00f3n de estos mensajes, en conformidad con lo dispuesto en el T\u00edtulo III, art\u00edculo 22 de la Ley 34\/2002 de Servicios para la Sociedad de la Informaci\u00f3n y de Comercio Electr\u00f3nico.<\/p>\n\n\n\n<h2 class=\"wp-block-heading\"><strong>2. CAR\u00c1CTER OBLIGATORIO O FACULTATIVO DE LA INFORMACI\u00d3N FACILITADA POR EL USUARIO<\/strong><\/h2>\n\n\n\n<p class=\"\">Los Usuarios, mediante la marcaci\u00f3n de las casillas correspondientes y entrada de datos en los campos, del formulario de contacto o presentados en formularios de descarga, aceptan expresamente y de forma libre e inequ\u00edvoca, que sus datos son necesarios para atender su petici\u00f3n, por parte del prestador, siendo voluntaria la inclusi\u00f3n de datos en los campos restantes.<\/p>\n\n\n\n<p class=\"\">El usuario garantiza que los datos que aporte son verdaderos, exactos, completos y se encuentran actualizados, siendo responsable de cualquier da\u00f1o o perjuicio, directo o indirecto, que pudiera ocasionarse como consecuencia del incumplimiento de tal obligaci\u00f3n.<\/p>\n\n\n\n<p class=\"\">En caso de que el usuario aporte datos pertenecientes a un tercero, garantiza que ha informado a dicho tercero de la totalidad de aspectos contenidos en la presente Pol\u00edtica de Privacidad y obtenido su consentimiento para facilitarnos sus datos para la finalidad de tratamiento de que se trate. Todo ello, con car\u00e1cter previo al suministro de datos de un tercero.<\/p>\n\n\n\n<p class=\"\">En caso de que no sean facilitados todos los datos, no se garantiza que la informaci\u00f3n y servicios facilitados sean completamente ajustados a sus necesidades.<\/p>\n","protected":false},"excerpt":{"rendered":"<p>En Luc\u00eda Mu\u00f1oz Diaz estamos comprometidos con la protecci\u00f3n de tu privacidad. Queremos ser transparentes sobre los datos que recopilamos, c\u00f3mo los utilizamos y los derechos que tienes para controlar tus datos. 1. Informaci\u00f3n al usuario Luc\u00eda Mu\u00f1oz Diaz es el responsable del tratamiento de los datos personales del Usuario y le informa que estos [&hellip;]<\/p>\n","protected":false},"author":2,"featured_media":0,"parent":0,"menu_order":0,"comment_status":"closed","ping_status":"closed","template":"","meta":{"osom_blocks_metabox":"","inline_featured_image":false,"_genesis_hide_title":false,"_genesis_hide_breadcrumbs":false,"_genesis_hide_singular_image":false,"_genesis_hide_footer_widgets":false,"_genesis_custom_body_class":"","_genesis_custom_post_class":"","_genesis_layout":"","footnotes":""},"class_list":{"0":"post-236","1":"page","2":"type-page","3":"status-publish","5":"entry"},"yoast_head":"<!-- This site is optimized with the Yoast SEO plugin v25.5 - https:\/\/yoast.com\/wordpress\/plugins\/seo\/ -->\n<title>Pol\u00edtica de Privacidad - Luc\u00eda Mu\u00f1oz<\/title>\n<meta name=\"robots\" content=\"noindex, nofollow\" \/>\n<meta property=\"og:locale\" content=\"es_ES\" \/>\n<meta property=\"og:type\" content=\"article\" \/>\n<meta property=\"og:title\" content=\"Pol\u00edtica de Privacidad - Luc\u00eda Mu\u00f1oz\" \/>\n<meta property=\"og:description\" content=\"En Luc\u00eda Mu\u00f1oz Diaz estamos comprometidos con la protecci\u00f3n de tu privacidad. Queremos ser transparentes sobre los datos que recopilamos, c\u00f3mo los utilizamos y los derechos que tienes para controlar tus datos. 1. Informaci\u00f3n al usuario Luc\u00eda Mu\u00f1oz Diaz es el responsable del tratamiento de los datos personales del Usuario y le informa que estos [&hellip;]\" \/>\n<meta property=\"og:url\" content=\"https:\/\/mintnutricion.com\/bak\/politica-de-privacidad\/\" \/>\n<meta property=\"og:site_name\" content=\"Luc\u00eda Mu\u00f1oz\" \/>\n<meta property=\"article:modified_time\" content=\"2022-03-03T22:57:01+00:00\" \/>\n<meta name=\"twitter:card\" content=\"summary_large_image\" \/>\n<meta name=\"twitter:label1\" content=\"Tiempo de lectura\" \/>\n\t<meta name=\"twitter:data1\" content=\"6 minutos\" \/>\n<script type=\"application\/ld+json\" class=\"yoast-schema-graph\">{\"@context\":\"https:\/\/schema.org\",\"@graph\":[{\"@type\":\"WebPage\",\"@id\":\"https:\/\/mintnutricion.com\/bak\/politica-de-privacidad\/\",\"url\":\"https:\/\/mintnutricion.com\/bak\/politica-de-privacidad\/\",\"name\":\"Pol\u00edtica de Privacidad - Luc\u00eda Mu\u00f1oz\",\"isPartOf\":{\"@id\":\"https:\/\/mintnutricion.com\/bak\/#website\"},\"datePublished\":\"2018-09-07T00:36:50+00:00\",\"dateModified\":\"2022-03-03T22:57:01+00:00\",\"breadcrumb\":{\"@id\":\"https:\/\/mintnutricion.com\/bak\/politica-de-privacidad\/#breadcrumb\"},\"inLanguage\":\"es\",\"potentialAction\":[{\"@type\":\"ReadAction\",\"target\":[\"https:\/\/mintnutricion.com\/bak\/politica-de-privacidad\/\"]}]},{\"@type\":\"BreadcrumbList\",\"@id\":\"https:\/\/mintnutricion.com\/bak\/politica-de-privacidad\/#breadcrumb\",\"itemListElement\":[{\"@type\":\"ListItem\",\"position\":1,\"name\":\"Portada\",\"item\":\"https:\/\/mintnutricion.com\/bak\/\"},{\"@type\":\"ListItem\",\"position\":2,\"name\":\"Pol\u00edtica de Privacidad\"}]},{\"@type\":\"WebSite\",\"@id\":\"https:\/\/mintnutricion.com\/bak\/#website\",\"url\":\"https:\/\/mintnutricion.com\/bak\/\",\"name\":\"Luc\u00eda Mu\u00f1oz\",\"description\":\"Nutrici\u00f3n y Diet\u00e9tica\",\"publisher\":{\"@id\":\"https:\/\/mintnutricion.com\/bak\/#organization\"},\"potentialAction\":[{\"@type\":\"SearchAction\",\"target\":{\"@type\":\"EntryPoint\",\"urlTemplate\":\"https:\/\/mintnutricion.com\/bak\/?s={search_term_string}\"},\"query-input\":{\"@type\":\"PropertyValueSpecification\",\"valueRequired\":true,\"valueName\":\"search_term_string\"}}],\"inLanguage\":\"es\"},{\"@type\":\"Organization\",\"@id\":\"https:\/\/mintnutricion.com\/bak\/#organization\",\"name\":\"Luc\u00eda Mu\u00f1oz\",\"url\":\"https:\/\/mintnutricion.com\/bak\/\",\"logo\":{\"@type\":\"ImageObject\",\"inLanguage\":\"es\",\"@id\":\"https:\/\/mintnutricion.com\/bak\/#\/schema\/logo\/image\/\",\"url\":\"https:\/\/mintnutricion.com\/bak\/wp-content\/uploads\/cropped-logo-sin-fondo.png\",\"contentUrl\":\"https:\/\/mintnutricion.com\/bak\/wp-content\/uploads\/cropped-logo-sin-fondo.png\",\"width\":280,\"height\":261,\"caption\":\"Luc\u00eda Mu\u00f1oz\"},\"image\":{\"@id\":\"https:\/\/mintnutricion.com\/bak\/#\/schema\/logo\/image\/\"}}]}<\/script>\n<!-- \/ Yoast SEO plugin. -->","yoast_head_json":{"title":"Pol\u00edtica de Privacidad - Luc\u00eda Mu\u00f1oz","robots":{"index":"noindex","follow":"nofollow"},"og_locale":"es_ES","og_type":"article","og_title":"Pol\u00edtica de Privacidad - Luc\u00eda Mu\u00f1oz","og_description":"En Luc\u00eda Mu\u00f1oz Diaz estamos comprometidos con la protecci\u00f3n de tu privacidad. Queremos ser transparentes sobre los datos que recopilamos, c\u00f3mo los utilizamos y los derechos que tienes para controlar tus datos. 1. Informaci\u00f3n al usuario Luc\u00eda Mu\u00f1oz Diaz es el responsable del tratamiento de los datos personales del Usuario y le informa que estos [&hellip;]","og_url":"https:\/\/mintnutricion.com\/bak\/politica-de-privacidad\/","og_site_name":"Luc\u00eda Mu\u00f1oz","article_modified_time":"2022-03-03T22:57:01+00:00","twitter_card":"summary_large_image","twitter_misc":{"Tiempo de lectura":"6 minutos"},"schema":{"@context":"https:\/\/schema.org","@graph":[{"@type":"WebPage","@id":"https:\/\/mintnutricion.com\/bak\/politica-de-privacidad\/","url":"https:\/\/mintnutricion.com\/bak\/politica-de-privacidad\/","name":"Pol\u00edtica de Privacidad - Luc\u00eda Mu\u00f1oz","isPartOf":{"@id":"https:\/\/mintnutricion.com\/bak\/#website"},"datePublished":"2018-09-07T00:36:50+00:00","dateModified":"2022-03-03T22:57:01+00:00","breadcrumb":{"@id":"https:\/\/mintnutricion.com\/bak\/politica-de-privacidad\/#breadcrumb"},"inLanguage":"es","potentialAction":[{"@type":"ReadAction","target":["https:\/\/mintnutricion.com\/bak\/politica-de-privacidad\/"]}]},{"@type":"BreadcrumbList","@id":"https:\/\/mintnutricion.com\/bak\/politica-de-privacidad\/#breadcrumb","itemListElement":[{"@type":"ListItem","position":1,"name":"Portada","item":"https:\/\/mintnutricion.com\/bak\/"},{"@type":"ListItem","position":2,"name":"Pol\u00edtica de Privacidad"}]},{"@type":"WebSite","@id":"https:\/\/mintnutricion.com\/bak\/#website","url":"https:\/\/mintnutricion.com\/bak\/","name":"Luc\u00eda Mu\u00f1oz","description":"Nutrici\u00f3n y Diet\u00e9tica","publisher":{"@id":"https:\/\/mintnutricion.com\/bak\/#organization"},"potentialAction":[{"@type":"SearchAction","target":{"@type":"EntryPoint","urlTemplate":"https:\/\/mintnutricion.com\/bak\/?s={search_term_string}"},"query-input":{"@type":"PropertyValueSpecification","valueRequired":true,"valueName":"search_term_string"}}],"inLanguage":"es"},{"@type":"Organization","@id":"https:\/\/mintnutricion.com\/bak\/#organization","name":"Luc\u00eda Mu\u00f1oz","url":"https:\/\/mintnutricion.com\/bak\/","logo":{"@type":"ImageObject","inLanguage":"es","@id":"https:\/\/mintnutricion.com\/bak\/#\/schema\/logo\/image\/","url":"https:\/\/mintnutricion.com\/bak\/wp-content\/uploads\/cropped-logo-sin-fondo.png","contentUrl":"https:\/\/mintnutricion.com\/bak\/wp-content\/uploads\/cropped-logo-sin-fondo.png","width":280,"height":261,"caption":"Luc\u00eda Mu\u00f1oz"},"image":{"@id":"https:\/\/mintnutricion.com\/bak\/#\/schema\/logo\/image\/"}}]}},"featured_image_src":null,"featured_image_src_square":null,"_links":{"self":[{"href":"https:\/\/mintnutricion.com\/bak\/wp-json\/wp\/v2\/pages\/236","targetHints":{"allow":["GET"]}}],"collection":[{"href":"https:\/\/mintnutricion.com\/bak\/wp-json\/wp\/v2\/pages"}],"about":[{"href":"https:\/\/mintnutricion.com\/bak\/wp-json\/wp\/v2\/types\/page"}],"author":[{"embeddable":true,"href":"https:\/\/mintnutricion.com\/bak\/wp-json\/wp\/v2\/users\/2"}],"replies":[{"embeddable":true,"href":"https:\/\/mintnutricion.com\/bak\/wp-json\/wp\/v2\/comments?post=236"}],"version-history":[{"count":0,"href":"https:\/\/mintnutricion.com\/bak\/wp-json\/wp\/v2\/pages\/236\/revisions"}],"wp:attachment":[{"href":"https:\/\/mintnutricion.com\/bak\/wp-json\/wp\/v2\/media?parent=236"}],"curies":[{"name":"wp","href":"https:\/\/api.w.org\/{rel}","templated":true}]}}